{"id":394,"date":"2025-12-21T22:18:02","date_gmt":"2025-12-21T22:18:02","guid":{"rendered":"http:\/\/www.lifepilot-ubezpieczenia.pl\/blog\/?page_id=394"},"modified":"2026-02-14T14:09:58","modified_gmt":"2026-02-14T14:09:58","slug":"ubezpieczenia-od-nastepstw-nieszczesliwych-wypadkow-nnw","status":"publish","type":"page","link":"https:\/\/www.lifepilot-ubezpieczenia.pl\/blog\/ubezpieczenia-od-nastepstw-nieszczesliwych-wypadkow-nnw\/","title":{"rendered":"Ubezpieczenia od nast\u0119pstw nieszcz\u0119\u015bliwych wypadk\u00f3w (NNW)"},"content":{"rendered":"\t\t<div data-elementor-type=\"wp-page\" data-elementor-id=\"394\" class=\"elementor elementor-394\">\n\t\t\t\t<div class=\"elementor-element elementor-element-ec46e12 e-flex e-con-boxed e-con e-parent\" data-id=\"ec46e12\" data-element_type=\"container\" data-e-type=\"container\">\n\t\t\t\t\t<div class=\"e-con-inner\">\n\t\t\t\t<div class=\"elementor-element elementor-element-7b9dc47 elementor-widget elementor-widget-heading\" data-id=\"7b9dc47\" data-element_type=\"widget\" data-e-type=\"widget\" data-widget_type=\"heading.default\">\n\t\t\t\t\t<h4 class=\"elementor-heading-title elementor-size-default\">Finansowe wsparcie w nieprzewidzianych sytuacjach<\/h4>\t\t\t\t<\/div>\n\t\t\t\t\t<\/div>\n\t\t\t\t<\/div>\n\t\t<div class=\"elementor-element elementor-element-431716f e-flex e-con-boxed e-con e-parent\" data-id=\"431716f\" data-element_type=\"container\" data-e-type=\"container\">\n\t\t\t\t\t<div class=\"e-con-inner\">\n\t\t<div class=\"elementor-element elementor-element-4259844 e-con-full e-flex e-con e-child\" data-id=\"4259844\" data-element_type=\"container\" data-e-type=\"container\">\n\t\t\t\t<div class=\"elementor-element elementor-element-adc6fff elementor-widget elementor-widget-text-editor\" data-id=\"adc6fff\" data-element_type=\"widget\" data-e-type=\"widget\" data-widget_type=\"text-editor.default\">\n\t\t\t\t\t\t\t\t\t<p>Ubezpieczenie od nast\u0119pstw nieszcz\u0119\u015bliwych wypadk\u00f3w (NNW) stanowi istotny element ochrony osobistej. Jego celem jest zapewnienie wsparcia finansowego w przypadku nag\u0142ych, losowych zdarze\u0144 prowadz\u0105cych do urazu, uszczerbku na zdrowiu lub \u015bmierci ubezpieczonego. Polisa NNW uzupe\u0142nia inne formy ochrony, koncentruj\u0105c si\u0119 bezpo\u015brednio na skutkach wypadku.<\/p><p>NNW zapewnia \u015brodki, kt\u00f3re mog\u0105 zosta\u0107 przeznaczone na leczenie, rehabilitacj\u0119, rekonwalescencj\u0119 lub zabezpieczenie finansowe bliskich.<\/p>\t\t\t\t\t\t\t\t<\/div>\n\t\t\t\t<\/div>\n\t\t<div class=\"elementor-element elementor-element-89221f0 e-con-full e-flex e-con e-child\" data-id=\"89221f0\" data-element_type=\"container\" data-e-type=\"container\">\n\t\t\t\t<div class=\"elementor-element elementor-element-d6f673f elementor-widget elementor-widget-image\" data-id=\"d6f673f\" data-element_type=\"widget\" data-e-type=\"widget\" data-widget_type=\"image.default\">\n\t\t\t\t\t\t\t\t\t\t\t\t<figure class=\"wp-caption\">\n\t\t\t\t\t\t\t\t\t\t<img decoding=\"async\" src=\"https:\/\/www.lifepilot-ubezpieczenia.pl\/blog\/wp-content\/uploads\/elementor\/thumbs\/g56a57709c57a5000bcd226524b097c07e4a5205cb7e7c920f56e91b0a06e804220ea4627217728cc01b06accbf3c4275_1280-992857-rgi40hybyem2x9ewjfsbx7h6zqbl9a1w5aw98akof4.jpg\" title=\"g56a57709c57a5000bcd226524b097c07e4a5205cb7e7c920f56e91b0a06e804220ea4627217728cc01b06accbf3c4275_1280-992857\" alt=\"accident, injury, danger, nail, shoe, foot, foot injury, accident at work, wounding, painful, caution, work shoe, workwear, osh, accident, accident, accident, accident, accident, injury, injury, danger\" loading=\"lazy\" \/>\t\t\t\t\t\t\t\t\t\t\t<figcaption class=\"widget-image-caption wp-caption-text\">Gw\u00f3\u017ad\u017a pod butem, na drodze<\/figcaption>\n\t\t\t\t\t\t\t\t\t\t<\/figure>\n\t\t\t\t\t\t\t\t\t<\/div>\n\t\t\t\t<\/div>\n\t\t\t\t\t<\/div>\n\t\t\t\t<\/div>\n\t\t<div class=\"elementor-element elementor-element-9fd8c09 e-flex e-con-boxed e-con e-parent\" data-id=\"9fd8c09\" data-element_type=\"container\" data-e-type=\"container\">\n\t\t\t\t\t<div class=\"e-con-inner\">\n\t\t\t\t<div class=\"elementor-element elementor-element-bba5c86 elementor-widget elementor-widget-text-editor\" data-id=\"bba5c86\" data-element_type=\"widget\" data-e-type=\"widget\" data-widget_type=\"text-editor.default\">\n\t\t\t\t\t\t\t\t\t<h4>Rodzaje ubezpiecze\u0144 NNW<\/h4><ul data-spread=\"false\"><li><p>NNW indywidualne<\/p><\/li><li><p>NNW rodzinne<\/p><\/li><li><p>NNW szkolne<\/p><\/li><li><p>NNW sportowe<\/p><\/li><li><p>NNW turystyczne<\/p><\/li><li><p>NNW pracownicze i grupowe<\/p><\/li><\/ul><p>Zakres ochrony mo\u017ce by\u0107 dopasowany do wieku, stylu \u017cycia oraz poziomu aktywno\u015bci ubezpieczonego.<\/p>\t\t\t\t\t\t\t\t<\/div>\n\t\t\t\t\t<\/div>\n\t\t\t\t<\/div>\n\t\t<div class=\"elementor-element elementor-element-3442a0e e-flex e-con-boxed e-con e-parent\" data-id=\"3442a0e\" data-element_type=\"container\" data-e-type=\"container\">\n\t\t\t\t\t<div class=\"e-con-inner\">\n\t\t\t\t<div class=\"elementor-element elementor-element-1d43648 elementor-widget elementor-widget-text-editor\" data-id=\"1d43648\" data-element_type=\"widget\" data-e-type=\"widget\" data-widget_type=\"text-editor.default\">\n\t\t\t\t\t\t\t\t\t<h4>\ud83e\udd15 Trwa\u0142y uszczerbek na zdrowiu<\/h4><p>W przypadku doznania trwa\u0142ego uszczerbku na zdrowiu wskutek nieszcz\u0119\u015bliwego wypadku, ubezpieczenie NNW przewiduje wyp\u0142at\u0119 \u015bwiadczenia:<\/p><ul><li style=\"list-style-type: none;\"><ul><li style=\"list-style-type: none;\"><ul><li style=\"list-style-type: none;\"><ul data-spread=\"false\"><li><p>proporcjonalnie do stopnia uszczerbku,<\/p><\/li><li><p>zgodnie z tabel\u0105 okre\u015blon\u0105 w og\u00f3lnych warunkach ubezpieczenia,<\/p><\/li><li><p>niezale\u017cnie od innych posiadanych polis.<\/p><\/li><\/ul><\/li><\/ul><\/li><\/ul><\/li><\/ul><h4>\ud83c\udfe5 Hospitalizacja i leczenie<\/h4><p>Ochrona mo\u017ce obejmowa\u0107:<\/p><ul><li style=\"list-style-type: none;\"><ul><li style=\"list-style-type: none;\"><ul><li style=\"list-style-type: none;\"><ul data-spread=\"false\"><li><p>\u015bwiadczenia za pobyt w szpitalu,<\/p><\/li><li><p>koszty leczenia powypadkowego,<\/p><\/li><li><p>zabiegi i konsultacje specjalistyczne,<\/p><\/li><li><p>dalsz\u0105 opiek\u0119 medyczn\u0105 po zdarzeniu.<\/p><\/li><\/ul><\/li><\/ul><\/li><\/ul><\/li><\/ul><h4>\ud83e\uddbf Rehabilitacja i rekonwalescencja<\/h4><p>Polisa NNW mo\u017ce zapewnia\u0107 \u015brodki na:<\/p><ul><li style=\"list-style-type: none;\"><ul><li style=\"list-style-type: none;\"><ul><li style=\"list-style-type: none;\"><ul data-spread=\"false\"><li><p>rehabilitacj\u0119 po wypadku,<\/p><\/li><li><p>fizjoterapi\u0119 i terapi\u0119 specjalistyczn\u0105,<\/p><\/li><li><p>zakup sprz\u0119tu ortopedycznego lub pomocniczego.<\/p><\/li><\/ul><\/li><\/ul><\/li><\/ul><\/li><\/ul><p>Celem jest mo\u017cliwie szybki powr\u00f3t do sprawno\u015bci i codziennej aktywno\u015bci.<br \/><br \/><\/p><h4>\u23f8\ufe0f Czasowa niezdolno\u015b\u0107 do pracy lub nauki<\/h4><p>W przypadku czasowej niezdolno\u015bci do pracy lub nauki spowodowanej wypadkiem, ubezpieczenie mo\u017ce przewidywa\u0107:<\/p><ul><li style=\"list-style-type: none;\"><ul><li style=\"list-style-type: none;\"><ul><li style=\"list-style-type: none;\"><ul data-spread=\"false\"><li><p>jednorazowe \u015bwiadczenie,<\/p><\/li><li><p>wyp\u0142at\u0119 dziennego odszkodowania,<\/p><\/li><li><p>wsparcie finansowe w okresie rekonwalescencji.<\/p><\/li><\/ul><\/li><\/ul><\/li><\/ul><\/li><\/ul><h4>\u2696\ufe0f \u015amier\u0107 wskutek nieszcz\u0119\u015bliwego wypadku<\/h4><p>W przypadku \u015bmierci ubezpieczonego na skutek nieszcz\u0119\u015bliwego wypadku, NNW zapewnia wyp\u0142at\u0119 \u015bwiadczenia osobom uposa\u017conym, stanowi\u0105c realne wsparcie finansowe dla najbli\u017cszych.<\/p>\t\t\t\t\t\t\t\t<\/div>\n\t\t\t\t\t<\/div>\n\t\t\t\t<\/div>\n\t\t<div class=\"elementor-element elementor-element-925832e e-flex e-con-boxed e-con e-parent\" data-id=\"925832e\" data-element_type=\"container\" data-e-type=\"container\">\n\t\t\t\t\t<div class=\"e-con-inner\">\n\t\t\t\t<div class=\"elementor-element elementor-element-7caa041 elementor-widget elementor-widget-text-editor\" data-id=\"7caa041\" data-element_type=\"widget\" data-e-type=\"widget\" data-widget_type=\"text-editor.default\">\n\t\t\t\t\t\t\t\t\t<h4>Dlaczego warto posiada\u0107 ubezpieczenie NNW?<\/h4><ul data-spread=\"false\"><li><p>wsparcie finansowe po wypadku,<\/p><\/li><li><p>niezale\u017cno\u015b\u0107 od odpowiedzialno\u015bci sprawcy zdarzenia,<\/p><\/li><li><p>szybka wyp\u0142ata \u015bwiadcze\u0144,<\/p><\/li><li><p>mo\u017cliwo\u015b\u0107 rozszerzenia ochrony o dodatkowe ryzyka,<\/p><\/li><li><p>poczucie bezpiecze\u0144stwa w \u017cyciu codziennym i podczas aktywno\u015bci fizycznej.<\/p><\/li><\/ul><h4>Skonsultuj ubezpieczenie NNW<\/h4><p>Ubezpieczenie od nast\u0119pstw nieszcz\u0119\u015bliwych wypadk\u00f3w powinno by\u0107 dopasowane do realnych potrzeb i stylu \u017cycia. Skontaktuj si\u0119 z nami, aby dobra\u0107 polis\u0119 NNW zapewniaj\u0105c\u0105 skuteczn\u0105 ochron\u0119 w razie nieprzewidzianych zdarze\u0144.<\/p><p><a href=\"https:\/\/www.lifepilot-ubezpieczenia.pl\/blog\/kontakt\/\">\ud83d\udc49 <strong>Um\u00f3w si\u0119 na bezp\u0142atn\u0105 konsultacj\u0119 ubezpieczeniow\u0105<\/strong><\/a><\/p>\t\t\t\t\t\t\t\t<\/div>\n\t\t\t\t\t<\/div>\n\t\t\t\t<\/div>\n\t\t\t\t<\/div>\n\t\t","protected":false},"excerpt":{"rendered":"<p>Finansowe wsparcie w nieprzewidzianych sytuacjach Ubezpieczenie od nast\u0119pstw nieszcz\u0119\u015bliwych wypadk\u00f3w (NNW) stanowi istotny element ochrony osobistej. Jego celem jest zapewnienie wsparcia finansowego w przypadku nag\u0142ych, losowych zdarze\u0144 prowadz\u0105cych do urazu, uszczerbku na zdrowiu lub \u015bmierci ubezpieczonego. Polisa NNW uzupe\u0142nia inne formy ochrony, koncentruj\u0105c si\u0119 bezpo\u015brednio na skutkach wypadku. NNW zapewnia \u015brodki, kt\u00f3re mog\u0105 zosta\u0107 przeznaczone [&hellip;]<\/p>\n","protected":false},"author":1,"featured_media":0,"parent":0,"menu_order":0,"comment_status":"closed","ping_status":"closed","template":"","meta":{"_uag_custom_page_level_css":"","site-sidebar-layout":"no-sidebar","site-content-layout":"","ast-site-content-layout":"full-width-container","site-content-style":"default","site-sidebar-style":"default","ast-global-header-display":"","ast-banner-title-visibility":"","ast-main-header-display":"","ast-hfb-above-header-display":"","ast-hfb-below-header-display":"","ast-hfb-mobile-header-display":"","site-post-title":"","ast-breadcrumbs-content":"","ast-featured-img":"disabled","footer-sml-layout":"","ast-disable-related-posts":"","theme-transparent-header-meta":"","adv-header-id-meta":"","stick-header-meta":"","header-above-stick-meta":"","header-main-stick-meta":"","header-below-stick-meta":"","astra-migrate-meta-layouts":"default","ast-page-background-enabled":"default","ast-page-background-meta":{"desktop":{"background-color":"var(--ast-global-color-5)","background-image":"","background-repeat":"repeat","background-position":"center center","background-size":"auto","background-attachment":"scroll","background-type":"","background-media":"","overlay-type":"","overlay-color":"","overlay-opacity":"","overlay-gradient":""},"tablet":{"background-color":"","background-image":"","background-repeat":"repeat","background-position":"center center","background-size":"auto","background-attachment":"scroll","background-type":"","background-media":"","overlay-type":"","overlay-color":"","overlay-opacity":"","overlay-gradient":""},"mobile":{"background-color":"","background-image":"","background-repeat":"repeat","background-position":"center center","background-size":"auto","background-attachment":"scroll","background-type":"","background-media":"","overlay-type":"","overlay-color":"","overlay-opacity":"","overlay-gradient":""}},"ast-content-background-meta":{"desktop":{"background-color":"var(--ast-global-color-4)","background-image":"","background-repeat":"repeat","background-position":"center center","background-size":"auto","background-attachment":"scroll","background-type":"","background-media":"","overlay-type":"","overlay-color":"","overlay-opacity":"","overlay-gradient":""},"tablet":{"background-color":"var(--ast-global-color-4)","background-image":"","background-repeat":"repeat","background-position":"center center","background-size":"auto","background-attachment":"scroll","background-type":"","background-media":"","overlay-type":"","overlay-color":"","overlay-opacity":"","overlay-gradient":""},"mobile":{"background-color":"var(--ast-global-color-4)","background-image":"","background-repeat":"repeat","background-position":"center center","background-size":"auto","background-attachment":"scroll","background-type":"","background-media":"","overlay-type":"","overlay-color":"","overlay-opacity":"","overlay-gradient":""}},"_kadence_starter_templates_imported_post":false,"footnotes":""},"class_list":["post-394","page","type-page","status-publish","hentry"],"yoast_head":"<!-- This site is optimized with the Yoast SEO plugin v27.5 - https:\/\/yoast.com\/product\/yoast-seo-wordpress\/ -->\n<title>ubezpieczenia NNW<\/title>\n<meta name=\"description\" content=\"Ubezpieczenia NNW indywidualne, rodzinne, szkolne, sportowe, turystyczne, pracownicze i grupowe. Doradztwo i porady.\" \/>\n<meta name=\"robots\" content=\"index, follow, max-snippet:-1, max-image-preview:large, max-video-preview:-1\" \/>\n<link rel=\"canonical\" href=\"https:\/\/www.lifepilot-ubezpieczenia.pl\/blog\/ubezpieczenia-od-nastepstw-nieszczesliwych-wypadkow-nnw\/\" \/>\n<meta property=\"og:locale\" content=\"pl_PL\" \/>\n<meta property=\"og:type\" content=\"article\" \/>\n<meta property=\"og:title\" content=\"ubezpieczenia NNW\" \/>\n<meta property=\"og:description\" content=\"Ubezpieczenia NNW indywidualne, rodzinne, szkolne, sportowe, turystyczne, pracownicze i grupowe. Doradztwo i porady.\" \/>\n<meta property=\"og:url\" content=\"https:\/\/www.lifepilot-ubezpieczenia.pl\/blog\/ubezpieczenia-od-nastepstw-nieszczesliwych-wypadkow-nnw\/\" \/>\n<meta property=\"og:site_name\" content=\"LifePilot-Ubezpieczenia\" \/>\n<meta property=\"article:modified_time\" content=\"2026-02-14T14:09:58+00:00\" \/>\n<meta property=\"og:image\" content=\"https:\/\/www.lifepilot-ubezpieczenia.pl\/blog\/wp-content\/uploads\/elementor\/thumbs\/g56a57709c57a5000bcd226524b097c07e4a5205cb7e7c920f56e91b0a06e804220ea4627217728cc01b06accbf3c4275_1280-992857-rgi40hybyem2x9ewjfsbx7h6zqbl9a1w5aw98akof4.jpg\" \/>\n<meta name=\"twitter:card\" content=\"summary_large_image\" \/>\n<script type=\"application\/ld+json\" class=\"yoast-schema-graph\">{\"@context\":\"https:\\\/\\\/schema.org\",\"@graph\":[{\"@type\":\"WebPage\",\"@id\":\"https:\\\/\\\/www.lifepilot-ubezpieczenia.pl\\\/blog\\\/ubezpieczenia-od-nastepstw-nieszczesliwych-wypadkow-nnw\\\/\",\"url\":\"https:\\\/\\\/www.lifepilot-ubezpieczenia.pl\\\/blog\\\/ubezpieczenia-od-nastepstw-nieszczesliwych-wypadkow-nnw\\\/\",\"name\":\"ubezpieczenia NNW\",\"isPartOf\":{\"@id\":\"https:\\\/\\\/www.lifepilot-ubezpieczenia.pl\\\/blog\\\/#website\"},\"primaryImageOfPage\":{\"@id\":\"https:\\\/\\\/www.lifepilot-ubezpieczenia.pl\\\/blog\\\/ubezpieczenia-od-nastepstw-nieszczesliwych-wypadkow-nnw\\\/#primaryimage\"},\"image\":{\"@id\":\"https:\\\/\\\/www.lifepilot-ubezpieczenia.pl\\\/blog\\\/ubezpieczenia-od-nastepstw-nieszczesliwych-wypadkow-nnw\\\/#primaryimage\"},\"thumbnailUrl\":\"https:\\\/\\\/www.lifepilot-ubezpieczenia.pl\\\/blog\\\/wp-content\\\/uploads\\\/elementor\\\/thumbs\\\/g56a57709c57a5000bcd226524b097c07e4a5205cb7e7c920f56e91b0a06e804220ea4627217728cc01b06accbf3c4275_1280-992857-rgi40hybyem2x9ewjfsbx7h6zqbl9a1w5aw98akof4.jpg\",\"datePublished\":\"2025-12-21T22:18:02+00:00\",\"dateModified\":\"2026-02-14T14:09:58+00:00\",\"description\":\"Ubezpieczenia NNW indywidualne, rodzinne, szkolne, sportowe, turystyczne, pracownicze i grupowe. Doradztwo i porady.\",\"breadcrumb\":{\"@id\":\"https:\\\/\\\/www.lifepilot-ubezpieczenia.pl\\\/blog\\\/ubezpieczenia-od-nastepstw-nieszczesliwych-wypadkow-nnw\\\/#breadcrumb\"},\"inLanguage\":\"pl-PL\",\"potentialAction\":[{\"@type\":\"ReadAction\",\"target\":[\"https:\\\/\\\/www.lifepilot-ubezpieczenia.pl\\\/blog\\\/ubezpieczenia-od-nastepstw-nieszczesliwych-wypadkow-nnw\\\/\"]}]},{\"@type\":\"ImageObject\",\"inLanguage\":\"pl-PL\",\"@id\":\"https:\\\/\\\/www.lifepilot-ubezpieczenia.pl\\\/blog\\\/ubezpieczenia-od-nastepstw-nieszczesliwych-wypadkow-nnw\\\/#primaryimage\",\"url\":\"https:\\\/\\\/www.lifepilot-ubezpieczenia.pl\\\/blog\\\/wp-content\\\/uploads\\\/elementor\\\/thumbs\\\/g56a57709c57a5000bcd226524b097c07e4a5205cb7e7c920f56e91b0a06e804220ea4627217728cc01b06accbf3c4275_1280-992857-rgi40hybyem2x9ewjfsbx7h6zqbl9a1w5aw98akof4.jpg\",\"contentUrl\":\"https:\\\/\\\/www.lifepilot-ubezpieczenia.pl\\\/blog\\\/wp-content\\\/uploads\\\/elementor\\\/thumbs\\\/g56a57709c57a5000bcd226524b097c07e4a5205cb7e7c920f56e91b0a06e804220ea4627217728cc01b06accbf3c4275_1280-992857-rgi40hybyem2x9ewjfsbx7h6zqbl9a1w5aw98akof4.jpg\"},{\"@type\":\"BreadcrumbList\",\"@id\":\"https:\\\/\\\/www.lifepilot-ubezpieczenia.pl\\\/blog\\\/ubezpieczenia-od-nastepstw-nieszczesliwych-wypadkow-nnw\\\/#breadcrumb\",\"itemListElement\":[{\"@type\":\"ListItem\",\"position\":1,\"name\":\"Strona g\u0142\u00f3wna\",\"item\":\"https:\\\/\\\/www.lifepilot-ubezpieczenia.pl\\\/blog\\\/\"},{\"@type\":\"ListItem\",\"position\":2,\"name\":\"Ubezpieczenia od nast\u0119pstw nieszcz\u0119\u015bliwych wypadk\u00f3w (NNW)\"}]},{\"@type\":\"WebSite\",\"@id\":\"https:\\\/\\\/www.lifepilot-ubezpieczenia.pl\\\/blog\\\/#website\",\"url\":\"https:\\\/\\\/www.lifepilot-ubezpieczenia.pl\\\/blog\\\/\",\"name\":\"LifePilot-Ubezpieczenia\",\"description\":\"LifePilot\",\"publisher\":{\"@id\":\"https:\\\/\\\/www.lifepilot-ubezpieczenia.pl\\\/blog\\\/#organization\"},\"alternateName\":\"Ubezpieczenia all\",\"potentialAction\":[{\"@type\":\"SearchAction\",\"target\":{\"@type\":\"EntryPoint\",\"urlTemplate\":\"https:\\\/\\\/www.lifepilot-ubezpieczenia.pl\\\/blog\\\/?s={search_term_string}\"},\"query-input\":{\"@type\":\"PropertyValueSpecification\",\"valueRequired\":true,\"valueName\":\"search_term_string\"}}],\"inLanguage\":\"pl-PL\"},{\"@type\":\"Organization\",\"@id\":\"https:\\\/\\\/www.lifepilot-ubezpieczenia.pl\\\/blog\\\/#organization\",\"name\":\"LifePilot-Ubezpieczenia\",\"alternateName\":\"LifePilot\",\"url\":\"https:\\\/\\\/www.lifepilot-ubezpieczenia.pl\\\/blog\\\/\",\"logo\":{\"@type\":\"ImageObject\",\"inLanguage\":\"pl-PL\",\"@id\":\"https:\\\/\\\/www.lifepilot-ubezpieczenia.pl\\\/blog\\\/#\\\/schema\\\/logo\\\/image\\\/\",\"url\":\"https:\\\/\\\/www.lifepilot-ubezpieczenia.pl\\\/blog\\\/wp-content\\\/uploads\\\/2025\\\/12\\\/cropped-LifePilot1.png\",\"contentUrl\":\"https:\\\/\\\/www.lifepilot-ubezpieczenia.pl\\\/blog\\\/wp-content\\\/uploads\\\/2025\\\/12\\\/cropped-LifePilot1.png\",\"width\":408,\"height\":455,\"caption\":\"LifePilot-Ubezpieczenia\"},\"image\":{\"@id\":\"https:\\\/\\\/www.lifepilot-ubezpieczenia.pl\\\/blog\\\/#\\\/schema\\\/logo\\\/image\\\/\"}}]}<\/script>\n<!-- \/ Yoast SEO plugin. -->","yoast_head_json":{"title":"ubezpieczenia NNW","description":"Ubezpieczenia NNW indywidualne, rodzinne, szkolne, sportowe, turystyczne, pracownicze i grupowe. Doradztwo i porady.","robots":{"index":"index","follow":"follow","max-snippet":"max-snippet:-1","max-image-preview":"max-image-preview:large","max-video-preview":"max-video-preview:-1"},"canonical":"https:\/\/www.lifepilot-ubezpieczenia.pl\/blog\/ubezpieczenia-od-nastepstw-nieszczesliwych-wypadkow-nnw\/","og_locale":"pl_PL","og_type":"article","og_title":"ubezpieczenia NNW","og_description":"Ubezpieczenia NNW indywidualne, rodzinne, szkolne, sportowe, turystyczne, pracownicze i grupowe. Doradztwo i porady.","og_url":"https:\/\/www.lifepilot-ubezpieczenia.pl\/blog\/ubezpieczenia-od-nastepstw-nieszczesliwych-wypadkow-nnw\/","og_site_name":"LifePilot-Ubezpieczenia","article_modified_time":"2026-02-14T14:09:58+00:00","og_image":[{"url":"https:\/\/www.lifepilot-ubezpieczenia.pl\/blog\/wp-content\/uploads\/elementor\/thumbs\/g56a57709c57a5000bcd226524b097c07e4a5205cb7e7c920f56e91b0a06e804220ea4627217728cc01b06accbf3c4275_1280-992857-rgi40hybyem2x9ewjfsbx7h6zqbl9a1w5aw98akof4.jpg","type":"","width":"","height":""}],"twitter_card":"summary_large_image","schema":{"@context":"https:\/\/schema.org","@graph":[{"@type":"WebPage","@id":"https:\/\/www.lifepilot-ubezpieczenia.pl\/blog\/ubezpieczenia-od-nastepstw-nieszczesliwych-wypadkow-nnw\/","url":"https:\/\/www.lifepilot-ubezpieczenia.pl\/blog\/ubezpieczenia-od-nastepstw-nieszczesliwych-wypadkow-nnw\/","name":"ubezpieczenia NNW","isPartOf":{"@id":"https:\/\/www.lifepilot-ubezpieczenia.pl\/blog\/#website"},"primaryImageOfPage":{"@id":"https:\/\/www.lifepilot-ubezpieczenia.pl\/blog\/ubezpieczenia-od-nastepstw-nieszczesliwych-wypadkow-nnw\/#primaryimage"},"image":{"@id":"https:\/\/www.lifepilot-ubezpieczenia.pl\/blog\/ubezpieczenia-od-nastepstw-nieszczesliwych-wypadkow-nnw\/#primaryimage"},"thumbnailUrl":"https:\/\/www.lifepilot-ubezpieczenia.pl\/blog\/wp-content\/uploads\/elementor\/thumbs\/g56a57709c57a5000bcd226524b097c07e4a5205cb7e7c920f56e91b0a06e804220ea4627217728cc01b06accbf3c4275_1280-992857-rgi40hybyem2x9ewjfsbx7h6zqbl9a1w5aw98akof4.jpg","datePublished":"2025-12-21T22:18:02+00:00","dateModified":"2026-02-14T14:09:58+00:00","description":"Ubezpieczenia NNW indywidualne, rodzinne, szkolne, sportowe, turystyczne, pracownicze i grupowe. Doradztwo i porady.","breadcrumb":{"@id":"https:\/\/www.lifepilot-ubezpieczenia.pl\/blog\/ubezpieczenia-od-nastepstw-nieszczesliwych-wypadkow-nnw\/#breadcrumb"},"inLanguage":"pl-PL","potentialAction":[{"@type":"ReadAction","target":["https:\/\/www.lifepilot-ubezpieczenia.pl\/blog\/ubezpieczenia-od-nastepstw-nieszczesliwych-wypadkow-nnw\/"]}]},{"@type":"ImageObject","inLanguage":"pl-PL","@id":"https:\/\/www.lifepilot-ubezpieczenia.pl\/blog\/ubezpieczenia-od-nastepstw-nieszczesliwych-wypadkow-nnw\/#primaryimage","url":"https:\/\/www.lifepilot-ubezpieczenia.pl\/blog\/wp-content\/uploads\/elementor\/thumbs\/g56a57709c57a5000bcd226524b097c07e4a5205cb7e7c920f56e91b0a06e804220ea4627217728cc01b06accbf3c4275_1280-992857-rgi40hybyem2x9ewjfsbx7h6zqbl9a1w5aw98akof4.jpg","contentUrl":"https:\/\/www.lifepilot-ubezpieczenia.pl\/blog\/wp-content\/uploads\/elementor\/thumbs\/g56a57709c57a5000bcd226524b097c07e4a5205cb7e7c920f56e91b0a06e804220ea4627217728cc01b06accbf3c4275_1280-992857-rgi40hybyem2x9ewjfsbx7h6zqbl9a1w5aw98akof4.jpg"},{"@type":"BreadcrumbList","@id":"https:\/\/www.lifepilot-ubezpieczenia.pl\/blog\/ubezpieczenia-od-nastepstw-nieszczesliwych-wypadkow-nnw\/#breadcrumb","itemListElement":[{"@type":"ListItem","position":1,"name":"Strona g\u0142\u00f3wna","item":"https:\/\/www.lifepilot-ubezpieczenia.pl\/blog\/"},{"@type":"ListItem","position":2,"name":"Ubezpieczenia od nast\u0119pstw nieszcz\u0119\u015bliwych wypadk\u00f3w (NNW)"}]},{"@type":"WebSite","@id":"https:\/\/www.lifepilot-ubezpieczenia.pl\/blog\/#website","url":"https:\/\/www.lifepilot-ubezpieczenia.pl\/blog\/","name":"LifePilot-Ubezpieczenia","description":"LifePilot","publisher":{"@id":"https:\/\/www.lifepilot-ubezpieczenia.pl\/blog\/#organization"},"alternateName":"Ubezpieczenia all","potentialAction":[{"@type":"SearchAction","target":{"@type":"EntryPoint","urlTemplate":"https:\/\/www.lifepilot-ubezpieczenia.pl\/blog\/?s={search_term_string}"},"query-input":{"@type":"PropertyValueSpecification","valueRequired":true,"valueName":"search_term_string"}}],"inLanguage":"pl-PL"},{"@type":"Organization","@id":"https:\/\/www.lifepilot-ubezpieczenia.pl\/blog\/#organization","name":"LifePilot-Ubezpieczenia","alternateName":"LifePilot","url":"https:\/\/www.lifepilot-ubezpieczenia.pl\/blog\/","logo":{"@type":"ImageObject","inLanguage":"pl-PL","@id":"https:\/\/www.lifepilot-ubezpieczenia.pl\/blog\/#\/schema\/logo\/image\/","url":"https:\/\/www.lifepilot-ubezpieczenia.pl\/blog\/wp-content\/uploads\/2025\/12\/cropped-LifePilot1.png","contentUrl":"https:\/\/www.lifepilot-ubezpieczenia.pl\/blog\/wp-content\/uploads\/2025\/12\/cropped-LifePilot1.png","width":408,"height":455,"caption":"LifePilot-Ubezpieczenia"},"image":{"@id":"https:\/\/www.lifepilot-ubezpieczenia.pl\/blog\/#\/schema\/logo\/image\/"}}]}},"uagb_featured_image_src":{"full":false,"thumbnail":false,"medium":false,"medium_large":false,"large":false,"1536x1536":false,"2048x2048":false},"uagb_author_info":{"display_name":"admin","author_link":"https:\/\/www.lifepilot-ubezpieczenia.pl\/blog\/author\/admin\/"},"uagb_comment_info":0,"uagb_excerpt":"Finansowe wsparcie w nieprzewidzianych sytuacjach Ubezpieczenie od nast\u0119pstw nieszcz\u0119\u015bliwych wypadk\u00f3w (NNW) stanowi istotny element ochrony osobistej. Jego celem jest zapewnienie wsparcia finansowego w przypadku nag\u0142ych, losowych zdarze\u0144 prowadz\u0105cych do urazu, uszczerbku na zdrowiu lub \u015bmierci ubezpieczonego. Polisa NNW uzupe\u0142nia inne formy ochrony, koncentruj\u0105c si\u0119 bezpo\u015brednio na skutkach wypadku. NNW zapewnia \u015brodki, kt\u00f3re mog\u0105 zosta\u0107 przeznaczone&hellip;","_links":{"self":[{"href":"https:\/\/www.lifepilot-ubezpieczenia.pl\/blog\/wp-json\/wp\/v2\/pages\/394","targetHints":{"allow":["GET"]}}],"collection":[{"href":"https:\/\/www.lifepilot-ubezpieczenia.pl\/blog\/wp-json\/wp\/v2\/pages"}],"about":[{"href":"https:\/\/www.lifepilot-ubezpieczenia.pl\/blog\/wp-json\/wp\/v2\/types\/page"}],"author":[{"embeddable":true,"href":"https:\/\/www.lifepilot-ubezpieczenia.pl\/blog\/wp-json\/wp\/v2\/users\/1"}],"replies":[{"embeddable":true,"href":"https:\/\/www.lifepilot-ubezpieczenia.pl\/blog\/wp-json\/wp\/v2\/comments?post=394"}],"version-history":[{"count":7,"href":"https:\/\/www.lifepilot-ubezpieczenia.pl\/blog\/wp-json\/wp\/v2\/pages\/394\/revisions"}],"predecessor-version":[{"id":931,"href":"https:\/\/www.lifepilot-ubezpieczenia.pl\/blog\/wp-json\/wp\/v2\/pages\/394\/revisions\/931"}],"wp:attachment":[{"href":"https:\/\/www.lifepilot-ubezpieczenia.pl\/blog\/wp-json\/wp\/v2\/media?parent=394"}],"curies":[{"name":"wp","href":"https:\/\/api.w.org\/{rel}","templated":true}]}}