{"id":378,"date":"2025-12-21T21:44:03","date_gmt":"2025-12-21T21:44:03","guid":{"rendered":"http:\/\/www.lifepilot-ubezpieczenia.pl\/blog\/?page_id=378"},"modified":"2026-02-14T14:19:36","modified_gmt":"2026-02-14T14:19:36","slug":"zabezpieczenie-zdrowia","status":"publish","type":"page","link":"https:\/\/www.lifepilot-ubezpieczenia.pl\/blog\/zabezpieczenie-zdrowia\/","title":{"rendered":"Zabezpieczenie zdrowia"},"content":{"rendered":"\t\t<div data-elementor-type=\"wp-page\" data-elementor-id=\"378\" class=\"elementor elementor-378\">\n\t\t\t\t<div class=\"elementor-element elementor-element-176567a e-flex e-con-boxed e-con e-parent\" data-id=\"176567a\" data-element_type=\"container\" data-e-type=\"container\">\n\t\t\t\t\t<div class=\"e-con-inner\">\n\t\t\t\t<div class=\"elementor-element elementor-element-d16edae elementor-widget elementor-widget-heading\" data-id=\"d16edae\" data-element_type=\"widget\" data-e-type=\"widget\" data-widget_type=\"heading.default\">\n\t\t\t\t\t<h4 class=\"elementor-heading-title elementor-size-default\">Ochrona zdrowia bez kompromis\u00f3w<\/h4>\t\t\t\t<\/div>\n\t\t\t\t\t<\/div>\n\t\t\t\t<\/div>\n\t\t<div class=\"elementor-element elementor-element-4897b43 e-flex e-con-boxed e-con e-parent\" data-id=\"4897b43\" data-element_type=\"container\" data-e-type=\"container\">\n\t\t\t\t\t<div class=\"e-con-inner\">\n\t\t<div class=\"elementor-element elementor-element-39ba2c2 e-con-full e-flex e-con e-child\" data-id=\"39ba2c2\" data-element_type=\"container\" data-e-type=\"container\">\n\t\t\t\t<div class=\"elementor-element elementor-element-06df727 elementor-widget elementor-widget-text-editor\" data-id=\"06df727\" data-element_type=\"widget\" data-e-type=\"widget\" data-widget_type=\"text-editor.default\">\n\t\t\t\t\t\t\t\t\t<p>Zabezpieczenie zdrowia w ramach ubezpiecze\u0144 to nowoczesne rozwi\u0105zanie, kt\u00f3re zapewnia realny dost\u0119p do diagnostyki, leczenia i rehabilitacji \u2013 bez kolejek, bez niepewno\u015bci i bez nieprzewidzianych koszt\u00f3w. Odpowiednio dobrana ochrona zdrowotna pozwala skupi\u0107 si\u0119 na leczeniu i powrocie do sprawno\u015bci, zamiast na organizacyjnych i finansowych barierach.<\/p>\t\t\t\t\t\t\t\t<\/div>\n\t\t\t\t<\/div>\n\t\t<div class=\"elementor-element elementor-element-d4a0b7d e-con-full e-flex e-con e-child\" data-id=\"d4a0b7d\" data-element_type=\"container\" data-e-type=\"container\">\n\t\t\t\t<div class=\"elementor-element elementor-element-6dcd290 elementor-widget elementor-widget-image\" data-id=\"6dcd290\" data-element_type=\"widget\" data-e-type=\"widget\" data-widget_type=\"image.default\">\n\t\t\t\t\t\t\t\t\t\t\t\t<figure class=\"wp-caption\">\n\t\t\t\t\t\t\t\t\t\t<img fetchpriority=\"high\" decoding=\"async\" width=\"1024\" height=\"683\" src=\"https:\/\/www.lifepilot-ubezpieczenia.pl\/blog\/wp-content\/uploads\/2025\/12\/kolorowi-surowi-warzywa-w-zbiorniku-blisko-dumbbell-i-stetoskop-na-drewnianej-powierzchni-1024x683.jpg\" class=\"attachment-large size-large wp-image-380\" alt=\"\" srcset=\"https:\/\/www.lifepilot-ubezpieczenia.pl\/blog\/wp-content\/uploads\/2025\/12\/kolorowi-surowi-warzywa-w-zbiorniku-blisko-dumbbell-i-stetoskop-na-drewnianej-powierzchni-1024x683.jpg 1024w, https:\/\/www.lifepilot-ubezpieczenia.pl\/blog\/wp-content\/uploads\/2025\/12\/kolorowi-surowi-warzywa-w-zbiorniku-blisko-dumbbell-i-stetoskop-na-drewnianej-powierzchni-300x200.jpg 300w, https:\/\/www.lifepilot-ubezpieczenia.pl\/blog\/wp-content\/uploads\/2025\/12\/kolorowi-surowi-warzywa-w-zbiorniku-blisko-dumbbell-i-stetoskop-na-drewnianej-powierzchni-768x512.jpg 768w, https:\/\/www.lifepilot-ubezpieczenia.pl\/blog\/wp-content\/uploads\/2025\/12\/kolorowi-surowi-warzywa-w-zbiorniku-blisko-dumbbell-i-stetoskop-na-drewnianej-powierzchni-1536x1024.jpg 1536w, https:\/\/www.lifepilot-ubezpieczenia.pl\/blog\/wp-content\/uploads\/2025\/12\/kolorowi-surowi-warzywa-w-zbiorniku-blisko-dumbbell-i-stetoskop-na-drewnianej-powierzchni-2048x1366.jpg 2048w\" sizes=\"(max-width: 1024px) 100vw, 1024px\" \/>\t\t\t\t\t\t\t\t\t\t\t<figcaption class=\"widget-image-caption wp-caption-text\">Owoce w koszu, hantelek, stetoskop<\/figcaption>\n\t\t\t\t\t\t\t\t\t\t<\/figure>\n\t\t\t\t\t\t\t\t\t<\/div>\n\t\t\t\t<\/div>\n\t\t\t\t\t<\/div>\n\t\t\t\t<\/div>\n\t\t<div class=\"elementor-element elementor-element-939d6fc e-flex e-con-boxed e-con e-parent\" data-id=\"939d6fc\" data-element_type=\"container\" data-e-type=\"container\">\n\t\t\t\t\t<div class=\"e-con-inner\">\n\t\t\t\t<div class=\"elementor-element elementor-element-0f63def elementor-widget elementor-widget-text-editor\" data-id=\"0f63def\" data-element_type=\"widget\" data-e-type=\"widget\" data-widget_type=\"text-editor.default\">\n\t\t\t\t\t\t\t\t\t<h4>\ud83c\udfe5 Prywatna opieka medyczna<\/h4><p>Pakiety medyczne zapewniaj\u0105:<\/p><ul><li style=\"list-style-type: none;\"><ul><li style=\"list-style-type: none;\"><ul><li style=\"list-style-type: none;\"><ul data-spread=\"false\"><li><p>szybki dost\u0119p do lekarzy specjalist\u00f3w,<\/p><\/li><li><p>wizyty stacjonarne i telemedycyn\u0119,<\/p><\/li><li><p>badania diagnostyczne i laboratoryjne,<\/p><\/li><li><p>profilaktyk\u0119 i okresowe przegl\u0105dy zdrowia.<\/p><\/li><\/ul><\/li><\/ul><\/li><\/ul><\/li><\/ul><p>To rozwi\u0105zanie, kt\u00f3re eliminuje d\u0142ugie kolejki i przyspiesza proces leczenia.<br \/><br \/><\/p><h4>\ud83e\uddec Ubezpieczenie od powa\u017cnych zachorowa\u0144<\/h4><p>Ochrona obejmuje wyp\u0142at\u0119 \u015bwiadczenia w przypadku zdiagnozowania m.in.:<\/p><ul><li style=\"list-style-type: none;\"><ul><li style=\"list-style-type: none;\"><ul><li style=\"list-style-type: none;\"><ul data-spread=\"false\"><li><p>chor\u00f3b nowotworowych,<\/p><\/li><li><p>zawa\u0142u serca,<\/p><\/li><li><p>udaru m\u00f3zgu,<\/p><\/li><li><p>innych ci\u0119\u017ckich i przewlek\u0142ych schorze\u0144.<\/p><\/li><\/ul><\/li><\/ul><\/li><\/ul><\/li><\/ul><p>\u015arodki mog\u0105 zosta\u0107 przeznaczone na leczenie, rehabilitacj\u0119, opiek\u0119 lub bie\u017c\u0105ce potrzeby finansowe.<br \/><br \/><\/p><h4>\ud83c\udfe8 Hospitalizacja i leczenie szpitalne<\/h4><p>Ubezpieczenie zdrowotne mo\u017ce obejmowa\u0107:<\/p><ul><li style=\"list-style-type: none;\"><ul><li style=\"list-style-type: none;\"><ul><li style=\"list-style-type: none;\"><ul data-spread=\"false\"><li>\u015bwiadczenia za pobyt w szpitalu,<\/li><li>dost\u0119p do prywatnych plac\u00f3wek,<\/li><li>operacje i zabiegi chirurgiczne,<\/li><li>rekonwalescencj\u0119 po leczeniu.<\/li><\/ul><\/li><\/ul><\/li><\/ul><\/li><\/ul><p>Zapewnia to komfortowe warunki i szybszy powr\u00f3t do zdrowia.<br \/><br \/><\/p><h4>\ud83e\udd15 Rehabilitacja i powr\u00f3t do sprawno\u015bci<\/h4><p>Zakres ochrony mo\u017ce zosta\u0107 rozszerzony o:<\/p><ul><li style=\"list-style-type: none;\"><ul><li style=\"list-style-type: none;\"><ul><li style=\"list-style-type: none;\"><ul data-spread=\"false\"><li><p>zabiegi rehabilitacyjne,<\/p><\/li><li><p>fizjoterapi\u0119 i terapi\u0119 manualn\u0105,<\/p><\/li><li><p>wsparcie po wypadkach i operacjach.<\/p><\/li><\/ul><\/li><\/ul><\/li><\/ul><\/li><\/ul><p>Rehabilitacja jest kluczowym elementem pe\u0142nego powrotu do zdrowia.<br \/><br \/><\/p><h4>\ud83d\udc68\u200d\ud83d\udc69\u200d\ud83d\udc67\u200d\ud83d\udc66 Zabezpieczenie zdrowia dla rodzin<\/h4><p>Pakiety rodzinne umo\u017cliwiaj\u0105 obj\u0119cie ochron\u0105:<\/p><ul><li style=\"list-style-type: none;\"><ul><li style=\"list-style-type: none;\"><ul><li style=\"list-style-type: none;\"><ul data-spread=\"false\"><li><p>doros\u0142ych i dzieci,<\/p><\/li><li><p>opiek\u0119 pediatryczn\u0105,<\/p><\/li><li><p>szczepienia i profilaktyk\u0119 dzieci\u0119c\u0105.<\/p><\/li><\/ul><\/li><\/ul><\/li><\/ul><\/li><\/ul><p>Rozwi\u0105zanie zapewnia spok\u00f3j i bezpiecze\u0144stwo ca\u0142ej rodzinie.<br \/><br \/><\/p><h4>\ud83d\udcbc Zabezpieczenie zdrowia dla firm<\/h4><p>Ubezpieczenia zdrowotne dla pracownik\u00f3w:<\/p><ul><li style=\"list-style-type: none;\"><ul><li style=\"list-style-type: none;\"><ul><li style=\"list-style-type: none;\"><ul data-spread=\"false\"><li><p>zwi\u0119kszaj\u0105 atrakcyjno\u015b\u0107 pracodawcy,<\/p><\/li><li><p>skracaj\u0105 absencj\u0119 chorobow\u0105,<\/p><\/li><li><p>poprawiaj\u0105 komfort i efektywno\u015b\u0107 pracy.<\/p><\/li><\/ul><\/li><\/ul><\/li><\/ul><\/li><\/ul><p>To realna inwestycja w zdrowie zespo\u0142u.<\/p>\t\t\t\t\t\t\t\t<\/div>\n\t\t\t\t\t<\/div>\n\t\t\t\t<\/div>\n\t\t<div class=\"elementor-element elementor-element-576226a e-flex e-con-boxed e-con e-parent\" data-id=\"576226a\" data-element_type=\"container\" data-e-type=\"container\">\n\t\t\t\t\t<div class=\"e-con-inner\">\n\t\t\t\t<div class=\"elementor-element elementor-element-8f13d55 elementor-widget elementor-widget-text-editor\" data-id=\"8f13d55\" data-element_type=\"widget\" data-e-type=\"widget\" data-widget_type=\"text-editor.default\">\n\t\t\t\t\t\t\t\t\t<h4>Dlaczego warto zadba\u0107 o zabezpieczenie zdrowia?<\/h4><ul data-spread=\"false\"><li><p>szybki dost\u0119p do leczenia i diagnostyki,<\/p><\/li><li><p>przewidywalno\u015b\u0107 koszt\u00f3w medycznych,<\/p><\/li><li><p>wsparcie finansowe w trudnych momentach,<\/p><\/li><li><p>lepsza profilaktyka i wczesne wykrywanie chor\u00f3b,<\/p><\/li><li><p>realny komfort psychiczny.<\/p><\/li><\/ul><h4>Skonsultuj zabezpieczenie zdrowia<\/h4><p>Zabezpieczenie zdrowia to jeden z najwa\u017cniejszych element\u00f3w nowoczesnej ochrony ubezpieczeniowej. Skontaktuj si\u0119 z nami, aby dobra\u0107 rozwi\u0105zanie, kt\u00f3re zapewni Ci realny dost\u0119p do opieki medycznej.<\/p><p><a href=\"https:\/\/www.lifepilot-ubezpieczenia.pl\/blog\/kontakt\/\">\ud83d\udc49 <strong>Um\u00f3w si\u0119 na bezp\u0142atn\u0105 konsultacj\u0119 zdrowotn\u0105<\/strong><\/a><\/p>\t\t\t\t\t\t\t\t<\/div>\n\t\t\t\t\t<\/div>\n\t\t\t\t<\/div>\n\t\t\t\t<\/div>\n\t\t","protected":false},"excerpt":{"rendered":"<p>Ochrona zdrowia bez kompromis\u00f3w Zabezpieczenie zdrowia w ramach ubezpiecze\u0144 to nowoczesne rozwi\u0105zanie, kt\u00f3re zapewnia realny dost\u0119p do diagnostyki, leczenia i rehabilitacji \u2013 bez kolejek, bez niepewno\u015bci i bez nieprzewidzianych koszt\u00f3w. Odpowiednio dobrana ochrona zdrowotna pozwala skupi\u0107 si\u0119 na leczeniu i powrocie do sprawno\u015bci, zamiast na organizacyjnych i finansowych barierach. Owoce w koszu, hantelek, stetoskop \ud83c\udfe5 [&hellip;]<\/p>\n","protected":false},"author":1,"featured_media":0,"parent":0,"menu_order":0,"comment_status":"closed","ping_status":"closed","template":"","meta":{"_uag_custom_page_level_css":"","site-sidebar-layout":"no-sidebar","site-content-layout":"","ast-site-content-layout":"full-width-container","site-content-style":"default","site-sidebar-style":"default","ast-global-header-display":"","ast-banner-title-visibility":"","ast-main-header-display":"","ast-hfb-above-header-display":"","ast-hfb-below-header-display":"","ast-hfb-mobile-header-display":"","site-post-title":"","ast-breadcrumbs-content":"","ast-featured-img":"disabled","footer-sml-layout":"","ast-disable-related-posts":"","theme-transparent-header-meta":"","adv-header-id-meta":"","stick-header-meta":"","header-above-stick-meta":"","header-main-stick-meta":"","header-below-stick-meta":"","astra-migrate-meta-layouts":"default","ast-page-background-enabled":"default","ast-page-background-meta":{"desktop":{"background-color":"var(--ast-global-color-5)","background-image":"","background-repeat":"repeat","background-position":"center center","background-size":"auto","background-attachment":"scroll","background-type":"","background-media":"","overlay-type":"","overlay-color":"","overlay-opacity":"","overlay-gradient":""},"tablet":{"background-color":"","background-image":"","background-repeat":"repeat","background-position":"center center","background-size":"auto","background-attachment":"scroll","background-type":"","background-media":"","overlay-type":"","overlay-color":"","overlay-opacity":"","overlay-gradient":""},"mobile":{"background-color":"","background-image":"","background-repeat":"repeat","background-position":"center center","background-size":"auto","background-attachment":"scroll","background-type":"","background-media":"","overlay-type":"","overlay-color":"","overlay-opacity":"","overlay-gradient":""}},"ast-content-background-meta":{"desktop":{"background-color":"var(--ast-global-color-4)","background-image":"","background-repeat":"repeat","background-position":"center center","background-size":"auto","background-attachment":"scroll","background-type":"","background-media":"","overlay-type":"","overlay-color":"","overlay-opacity":"","overlay-gradient":""},"tablet":{"background-color":"var(--ast-global-color-4)","background-image":"","background-repeat":"repeat","background-position":"center center","background-size":"auto","background-attachment":"scroll","background-type":"","background-media":"","overlay-type":"","overlay-color":"","overlay-opacity":"","overlay-gradient":""},"mobile":{"background-color":"var(--ast-global-color-4)","background-image":"","background-repeat":"repeat","background-position":"center center","background-size":"auto","background-attachment":"scroll","background-type":"","background-media":"","overlay-type":"","overlay-color":"","overlay-opacity":"","overlay-gradient":""}},"_kadence_starter_templates_imported_post":false,"footnotes":""},"class_list":["post-378","page","type-page","status-publish","hentry"],"yoast_head":"<!-- This site is optimized with the Yoast SEO plugin v27.5 - https:\/\/yoast.com\/product\/yoast-seo-wordpress\/ -->\n<title>zabezpieczenie zdrowia<\/title>\n<meta name=\"description\" content=\"Ochrona zdrowia bez kompromis\u00f3w, prywatna opieka medyczna, Ubezpieczenie od powa\u017cnych zachorowa\u0144, Zabezpieczenie zdrowia rodzin, pracownik\u00f3w.\" \/>\n<meta name=\"robots\" content=\"index, follow, max-snippet:-1, max-image-preview:large, max-video-preview:-1\" \/>\n<link rel=\"canonical\" href=\"https:\/\/www.lifepilot-ubezpieczenia.pl\/blog\/zabezpieczenie-zdrowia\/\" \/>\n<meta property=\"og:locale\" content=\"pl_PL\" \/>\n<meta property=\"og:type\" content=\"article\" \/>\n<meta property=\"og:title\" content=\"zabezpieczenie zdrowia\" \/>\n<meta property=\"og:description\" content=\"Ochrona zdrowia bez kompromis\u00f3w, prywatna opieka medyczna, Ubezpieczenie od powa\u017cnych zachorowa\u0144, Zabezpieczenie zdrowia rodzin, pracownik\u00f3w.\" \/>\n<meta property=\"og:url\" content=\"https:\/\/www.lifepilot-ubezpieczenia.pl\/blog\/zabezpieczenie-zdrowia\/\" \/>\n<meta property=\"og:site_name\" content=\"LifePilot-Ubezpieczenia\" \/>\n<meta property=\"article:modified_time\" content=\"2026-02-14T14:19:36+00:00\" \/>\n<meta property=\"og:image\" content=\"https:\/\/www.lifepilot-ubezpieczenia.pl\/blog\/wp-content\/uploads\/2025\/12\/kolorowi-surowi-warzywa-w-zbiorniku-blisko-dumbbell-i-stetoskop-na-drewnianej-powierzchni-1024x683.jpg\" \/>\n<meta name=\"twitter:card\" content=\"summary_large_image\" \/>\n<script type=\"application\/ld+json\" class=\"yoast-schema-graph\">{\"@context\":\"https:\\\/\\\/schema.org\",\"@graph\":[{\"@type\":\"WebPage\",\"@id\":\"https:\\\/\\\/www.lifepilot-ubezpieczenia.pl\\\/blog\\\/zabezpieczenie-zdrowia\\\/\",\"url\":\"https:\\\/\\\/www.lifepilot-ubezpieczenia.pl\\\/blog\\\/zabezpieczenie-zdrowia\\\/\",\"name\":\"zabezpieczenie zdrowia\",\"isPartOf\":{\"@id\":\"https:\\\/\\\/www.lifepilot-ubezpieczenia.pl\\\/blog\\\/#website\"},\"primaryImageOfPage\":{\"@id\":\"https:\\\/\\\/www.lifepilot-ubezpieczenia.pl\\\/blog\\\/zabezpieczenie-zdrowia\\\/#primaryimage\"},\"image\":{\"@id\":\"https:\\\/\\\/www.lifepilot-ubezpieczenia.pl\\\/blog\\\/zabezpieczenie-zdrowia\\\/#primaryimage\"},\"thumbnailUrl\":\"https:\\\/\\\/www.lifepilot-ubezpieczenia.pl\\\/blog\\\/wp-content\\\/uploads\\\/2025\\\/12\\\/kolorowi-surowi-warzywa-w-zbiorniku-blisko-dumbbell-i-stetoskop-na-drewnianej-powierzchni-1024x683.jpg\",\"datePublished\":\"2025-12-21T21:44:03+00:00\",\"dateModified\":\"2026-02-14T14:19:36+00:00\",\"description\":\"Ochrona zdrowia bez kompromis\u00f3w, prywatna opieka medyczna, Ubezpieczenie od powa\u017cnych zachorowa\u0144, Zabezpieczenie zdrowia rodzin, pracownik\u00f3w.\",\"breadcrumb\":{\"@id\":\"https:\\\/\\\/www.lifepilot-ubezpieczenia.pl\\\/blog\\\/zabezpieczenie-zdrowia\\\/#breadcrumb\"},\"inLanguage\":\"pl-PL\",\"potentialAction\":[{\"@type\":\"ReadAction\",\"target\":[\"https:\\\/\\\/www.lifepilot-ubezpieczenia.pl\\\/blog\\\/zabezpieczenie-zdrowia\\\/\"]}]},{\"@type\":\"ImageObject\",\"inLanguage\":\"pl-PL\",\"@id\":\"https:\\\/\\\/www.lifepilot-ubezpieczenia.pl\\\/blog\\\/zabezpieczenie-zdrowia\\\/#primaryimage\",\"url\":\"https:\\\/\\\/www.lifepilot-ubezpieczenia.pl\\\/blog\\\/wp-content\\\/uploads\\\/2025\\\/12\\\/kolorowi-surowi-warzywa-w-zbiorniku-blisko-dumbbell-i-stetoskop-na-drewnianej-powierzchni-scaled.jpg\",\"contentUrl\":\"https:\\\/\\\/www.lifepilot-ubezpieczenia.pl\\\/blog\\\/wp-content\\\/uploads\\\/2025\\\/12\\\/kolorowi-surowi-warzywa-w-zbiorniku-blisko-dumbbell-i-stetoskop-na-drewnianej-powierzchni-scaled.jpg\",\"width\":2560,\"height\":1707},{\"@type\":\"BreadcrumbList\",\"@id\":\"https:\\\/\\\/www.lifepilot-ubezpieczenia.pl\\\/blog\\\/zabezpieczenie-zdrowia\\\/#breadcrumb\",\"itemListElement\":[{\"@type\":\"ListItem\",\"position\":1,\"name\":\"Strona g\u0142\u00f3wna\",\"item\":\"https:\\\/\\\/www.lifepilot-ubezpieczenia.pl\\\/blog\\\/\"},{\"@type\":\"ListItem\",\"position\":2,\"name\":\"Zabezpieczenie zdrowia\"}]},{\"@type\":\"WebSite\",\"@id\":\"https:\\\/\\\/www.lifepilot-ubezpieczenia.pl\\\/blog\\\/#website\",\"url\":\"https:\\\/\\\/www.lifepilot-ubezpieczenia.pl\\\/blog\\\/\",\"name\":\"LifePilot-Ubezpieczenia\",\"description\":\"LifePilot\",\"publisher\":{\"@id\":\"https:\\\/\\\/www.lifepilot-ubezpieczenia.pl\\\/blog\\\/#organization\"},\"alternateName\":\"Ubezpieczenia all\",\"potentialAction\":[{\"@type\":\"SearchAction\",\"target\":{\"@type\":\"EntryPoint\",\"urlTemplate\":\"https:\\\/\\\/www.lifepilot-ubezpieczenia.pl\\\/blog\\\/?s={search_term_string}\"},\"query-input\":{\"@type\":\"PropertyValueSpecification\",\"valueRequired\":true,\"valueName\":\"search_term_string\"}}],\"inLanguage\":\"pl-PL\"},{\"@type\":\"Organization\",\"@id\":\"https:\\\/\\\/www.lifepilot-ubezpieczenia.pl\\\/blog\\\/#organization\",\"name\":\"LifePilot-Ubezpieczenia\",\"alternateName\":\"LifePilot\",\"url\":\"https:\\\/\\\/www.lifepilot-ubezpieczenia.pl\\\/blog\\\/\",\"logo\":{\"@type\":\"ImageObject\",\"inLanguage\":\"pl-PL\",\"@id\":\"https:\\\/\\\/www.lifepilot-ubezpieczenia.pl\\\/blog\\\/#\\\/schema\\\/logo\\\/image\\\/\",\"url\":\"https:\\\/\\\/www.lifepilot-ubezpieczenia.pl\\\/blog\\\/wp-content\\\/uploads\\\/2025\\\/12\\\/cropped-LifePilot1.png\",\"contentUrl\":\"https:\\\/\\\/www.lifepilot-ubezpieczenia.pl\\\/blog\\\/wp-content\\\/uploads\\\/2025\\\/12\\\/cropped-LifePilot1.png\",\"width\":408,\"height\":455,\"caption\":\"LifePilot-Ubezpieczenia\"},\"image\":{\"@id\":\"https:\\\/\\\/www.lifepilot-ubezpieczenia.pl\\\/blog\\\/#\\\/schema\\\/logo\\\/image\\\/\"}}]}<\/script>\n<!-- \/ Yoast SEO plugin. -->","yoast_head_json":{"title":"zabezpieczenie zdrowia","description":"Ochrona zdrowia bez kompromis\u00f3w, prywatna opieka medyczna, Ubezpieczenie od powa\u017cnych zachorowa\u0144, Zabezpieczenie zdrowia rodzin, pracownik\u00f3w.","robots":{"index":"index","follow":"follow","max-snippet":"max-snippet:-1","max-image-preview":"max-image-preview:large","max-video-preview":"max-video-preview:-1"},"canonical":"https:\/\/www.lifepilot-ubezpieczenia.pl\/blog\/zabezpieczenie-zdrowia\/","og_locale":"pl_PL","og_type":"article","og_title":"zabezpieczenie zdrowia","og_description":"Ochrona zdrowia bez kompromis\u00f3w, prywatna opieka medyczna, Ubezpieczenie od powa\u017cnych zachorowa\u0144, Zabezpieczenie zdrowia rodzin, pracownik\u00f3w.","og_url":"https:\/\/www.lifepilot-ubezpieczenia.pl\/blog\/zabezpieczenie-zdrowia\/","og_site_name":"LifePilot-Ubezpieczenia","article_modified_time":"2026-02-14T14:19:36+00:00","og_image":[{"url":"https:\/\/www.lifepilot-ubezpieczenia.pl\/blog\/wp-content\/uploads\/2025\/12\/kolorowi-surowi-warzywa-w-zbiorniku-blisko-dumbbell-i-stetoskop-na-drewnianej-powierzchni-1024x683.jpg","type":"","width":"","height":""}],"twitter_card":"summary_large_image","schema":{"@context":"https:\/\/schema.org","@graph":[{"@type":"WebPage","@id":"https:\/\/www.lifepilot-ubezpieczenia.pl\/blog\/zabezpieczenie-zdrowia\/","url":"https:\/\/www.lifepilot-ubezpieczenia.pl\/blog\/zabezpieczenie-zdrowia\/","name":"zabezpieczenie zdrowia","isPartOf":{"@id":"https:\/\/www.lifepilot-ubezpieczenia.pl\/blog\/#website"},"primaryImageOfPage":{"@id":"https:\/\/www.lifepilot-ubezpieczenia.pl\/blog\/zabezpieczenie-zdrowia\/#primaryimage"},"image":{"@id":"https:\/\/www.lifepilot-ubezpieczenia.pl\/blog\/zabezpieczenie-zdrowia\/#primaryimage"},"thumbnailUrl":"https:\/\/www.lifepilot-ubezpieczenia.pl\/blog\/wp-content\/uploads\/2025\/12\/kolorowi-surowi-warzywa-w-zbiorniku-blisko-dumbbell-i-stetoskop-na-drewnianej-powierzchni-1024x683.jpg","datePublished":"2025-12-21T21:44:03+00:00","dateModified":"2026-02-14T14:19:36+00:00","description":"Ochrona zdrowia bez kompromis\u00f3w, prywatna opieka medyczna, Ubezpieczenie od powa\u017cnych zachorowa\u0144, Zabezpieczenie zdrowia rodzin, pracownik\u00f3w.","breadcrumb":{"@id":"https:\/\/www.lifepilot-ubezpieczenia.pl\/blog\/zabezpieczenie-zdrowia\/#breadcrumb"},"inLanguage":"pl-PL","potentialAction":[{"@type":"ReadAction","target":["https:\/\/www.lifepilot-ubezpieczenia.pl\/blog\/zabezpieczenie-zdrowia\/"]}]},{"@type":"ImageObject","inLanguage":"pl-PL","@id":"https:\/\/www.lifepilot-ubezpieczenia.pl\/blog\/zabezpieczenie-zdrowia\/#primaryimage","url":"https:\/\/www.lifepilot-ubezpieczenia.pl\/blog\/wp-content\/uploads\/2025\/12\/kolorowi-surowi-warzywa-w-zbiorniku-blisko-dumbbell-i-stetoskop-na-drewnianej-powierzchni-scaled.jpg","contentUrl":"https:\/\/www.lifepilot-ubezpieczenia.pl\/blog\/wp-content\/uploads\/2025\/12\/kolorowi-surowi-warzywa-w-zbiorniku-blisko-dumbbell-i-stetoskop-na-drewnianej-powierzchni-scaled.jpg","width":2560,"height":1707},{"@type":"BreadcrumbList","@id":"https:\/\/www.lifepilot-ubezpieczenia.pl\/blog\/zabezpieczenie-zdrowia\/#breadcrumb","itemListElement":[{"@type":"ListItem","position":1,"name":"Strona g\u0142\u00f3wna","item":"https:\/\/www.lifepilot-ubezpieczenia.pl\/blog\/"},{"@type":"ListItem","position":2,"name":"Zabezpieczenie zdrowia"}]},{"@type":"WebSite","@id":"https:\/\/www.lifepilot-ubezpieczenia.pl\/blog\/#website","url":"https:\/\/www.lifepilot-ubezpieczenia.pl\/blog\/","name":"LifePilot-Ubezpieczenia","description":"LifePilot","publisher":{"@id":"https:\/\/www.lifepilot-ubezpieczenia.pl\/blog\/#organization"},"alternateName":"Ubezpieczenia all","potentialAction":[{"@type":"SearchAction","target":{"@type":"EntryPoint","urlTemplate":"https:\/\/www.lifepilot-ubezpieczenia.pl\/blog\/?s={search_term_string}"},"query-input":{"@type":"PropertyValueSpecification","valueRequired":true,"valueName":"search_term_string"}}],"inLanguage":"pl-PL"},{"@type":"Organization","@id":"https:\/\/www.lifepilot-ubezpieczenia.pl\/blog\/#organization","name":"LifePilot-Ubezpieczenia","alternateName":"LifePilot","url":"https:\/\/www.lifepilot-ubezpieczenia.pl\/blog\/","logo":{"@type":"ImageObject","inLanguage":"pl-PL","@id":"https:\/\/www.lifepilot-ubezpieczenia.pl\/blog\/#\/schema\/logo\/image\/","url":"https:\/\/www.lifepilot-ubezpieczenia.pl\/blog\/wp-content\/uploads\/2025\/12\/cropped-LifePilot1.png","contentUrl":"https:\/\/www.lifepilot-ubezpieczenia.pl\/blog\/wp-content\/uploads\/2025\/12\/cropped-LifePilot1.png","width":408,"height":455,"caption":"LifePilot-Ubezpieczenia"},"image":{"@id":"https:\/\/www.lifepilot-ubezpieczenia.pl\/blog\/#\/schema\/logo\/image\/"}}]}},"uagb_featured_image_src":{"full":false,"thumbnail":false,"medium":false,"medium_large":false,"large":false,"1536x1536":false,"2048x2048":false},"uagb_author_info":{"display_name":"admin","author_link":"https:\/\/www.lifepilot-ubezpieczenia.pl\/blog\/author\/admin\/"},"uagb_comment_info":0,"uagb_excerpt":"Ochrona zdrowia bez kompromis\u00f3w Zabezpieczenie zdrowia w ramach ubezpiecze\u0144 to nowoczesne rozwi\u0105zanie, kt\u00f3re zapewnia realny dost\u0119p do diagnostyki, leczenia i rehabilitacji \u2013 bez kolejek, bez niepewno\u015bci i bez nieprzewidzianych koszt\u00f3w. Odpowiednio dobrana ochrona zdrowotna pozwala skupi\u0107 si\u0119 na leczeniu i powrocie do sprawno\u015bci, zamiast na organizacyjnych i finansowych barierach. Owoce w koszu, hantelek, stetoskop \ud83c\udfe5&hellip;","_links":{"self":[{"href":"https:\/\/www.lifepilot-ubezpieczenia.pl\/blog\/wp-json\/wp\/v2\/pages\/378","targetHints":{"allow":["GET"]}}],"collection":[{"href":"https:\/\/www.lifepilot-ubezpieczenia.pl\/blog\/wp-json\/wp\/v2\/pages"}],"about":[{"href":"https:\/\/www.lifepilot-ubezpieczenia.pl\/blog\/wp-json\/wp\/v2\/types\/page"}],"author":[{"embeddable":true,"href":"https:\/\/www.lifepilot-ubezpieczenia.pl\/blog\/wp-json\/wp\/v2\/users\/1"}],"replies":[{"embeddable":true,"href":"https:\/\/www.lifepilot-ubezpieczenia.pl\/blog\/wp-json\/wp\/v2\/comments?post=378"}],"version-history":[{"count":7,"href":"https:\/\/www.lifepilot-ubezpieczenia.pl\/blog\/wp-json\/wp\/v2\/pages\/378\/revisions"}],"predecessor-version":[{"id":941,"href":"https:\/\/www.lifepilot-ubezpieczenia.pl\/blog\/wp-json\/wp\/v2\/pages\/378\/revisions\/941"}],"wp:attachment":[{"href":"https:\/\/www.lifepilot-ubezpieczenia.pl\/blog\/wp-json\/wp\/v2\/media?parent=378"}],"curies":[{"name":"wp","href":"https:\/\/api.w.org\/{rel}","templated":true}]}}